{"id":18384,"date":"2024-03-27T10:13:47","date_gmt":"2024-03-27T09:13:47","guid":{"rendered":"https:\/\/victorh10.apconsult.at\/~user211\/?post_type=product&#038;p=18384"},"modified":"2025-12-03T11:12:39","modified_gmt":"2025-12-03T10:12:39","slug":"henkelattasche-mit-bueste-des-baertigen-jupiter","status":"publish","type":"product","link":"https:\/\/agora.co.at\/index.php\/product\/henkelattasche-mit-bueste-des-baertigen-jupiter\/","title":{"rendered":"Henkelattasche mit B\u00fcste des b\u00e4rtigen Jupiter"},"content":{"rendered":"","protected":false},"excerpt":{"rendered":"<p>Henkelattasche mit B\u00fcste des b\u00e4rtigen Jupiter, Bronze, Dm. 9,5 x 6,3 cm. R\u00f6mische Kaiserzeit, 2.-3. Jhdt. n. Chr.<br \/>\nProvenienz: Ex-Slg. Lord McAlpine of West Green, erworben Kunstmarkt London, 2019<\/p>\n","protected":false},"featured_media":18385,"template":"","meta":[],"product_brand":[],"product_cat":[247,207],"product_tag":[],"class_list":{"0":"post-18384","1":"product","2":"type-product","3":"status-publish","4":"has-post-thumbnail","6":"product_cat-neu-im-shop","7":"product_cat-griechen-und-roemer","9":"first","10":"instock","11":"sold-individually","12":"shipping-taxable","13":"purchasable","14":"product-type-simple"},"_links":{"self":[{"href":"https:\/\/agora.co.at\/index.php\/wp-json\/wp\/v2\/product\/18384","targetHints":{"allow":["GET"]}}],"collection":[{"href":"https:\/\/agora.co.at\/index.php\/wp-json\/wp\/v2\/product"}],"about":[{"href":"https:\/\/agora.co.at\/index.php\/wp-json\/wp\/v2\/types\/product"}],"wp:featuredmedia":[{"embeddable":true,"href":"https:\/\/agora.co.at\/index.php\/wp-json\/wp\/v2\/media\/18385"}],"wp:attachment":[{"href":"https:\/\/agora.co.at\/index.php\/wp-json\/wp\/v2\/media?parent=18384"}],"wp:term":[{"taxonomy":"product_brand","embeddable":true,"href":"https:\/\/agora.co.at\/index.php\/wp-json\/wp\/v2\/product_brand?post=18384"},{"taxonomy":"product_cat","embeddable":true,"href":"https:\/\/agora.co.at\/index.php\/wp-json\/wp\/v2\/product_cat?post=18384"},{"taxonomy":"product_tag","embeddable":true,"href":"https:\/\/agora.co.at\/index.php\/wp-json\/wp\/v2\/product_tag?post=18384"}],"curies":[{"name":"wp","href":"https:\/\/api.w.org\/{rel}","templated":true}]}}