{"id":18674,"date":"2025-12-02T12:55:25","date_gmt":"2025-12-02T11:55:25","guid":{"rendered":"https:\/\/victorh10.apconsult.at\/~user211\/?post_type=product&#038;p=18674"},"modified":"2025-12-02T14:21:20","modified_gmt":"2025-12-02T13:21:20","slug":"maxentius-307-312-ad","status":"publish","type":"product","link":"https:\/\/agora.co.at\/index.php\/product\/maxentius-307-312-ad\/","title":{"rendered":"Maxentius, 307-312 n. Chr."},"content":{"rendered":"","protected":false},"excerpt":{"rendered":"<p>Maxentius,\u00a0307-312 n. Chr. Follis, Bronze, gepr\u00e4gt in Ostia, 2. Offizin. Revers: Die Dioskuren einander gegen\u00fcber stehend, halten Pferde am Zaumzeug. Fast vorz\u00fcglich\/Pr\u00e4gefrisch, stellenweise Pr\u00e4geschw\u00e4che.<\/p>\n","protected":false},"featured_media":18675,"template":"","meta":[],"product_brand":[],"product_cat":[247,281],"product_tag":[],"class_list":{"0":"post-18674","1":"product","2":"type-product","3":"status-publish","4":"has-post-thumbnail","6":"product_cat-neu-im-shop","7":"product_cat-roemische-kaiserzeit-de","9":"first","10":"instock","11":"sold-individually","12":"shipping-taxable","13":"purchasable","14":"product-type-simple"},"_links":{"self":[{"href":"https:\/\/agora.co.at\/index.php\/wp-json\/wp\/v2\/product\/18674","targetHints":{"allow":["GET"]}}],"collection":[{"href":"https:\/\/agora.co.at\/index.php\/wp-json\/wp\/v2\/product"}],"about":[{"href":"https:\/\/agora.co.at\/index.php\/wp-json\/wp\/v2\/types\/product"}],"wp:featuredmedia":[{"embeddable":true,"href":"https:\/\/agora.co.at\/index.php\/wp-json\/wp\/v2\/media\/18675"}],"wp:attachment":[{"href":"https:\/\/agora.co.at\/index.php\/wp-json\/wp\/v2\/media?parent=18674"}],"wp:term":[{"taxonomy":"product_brand","embeddable":true,"href":"https:\/\/agora.co.at\/index.php\/wp-json\/wp\/v2\/product_brand?post=18674"},{"taxonomy":"product_cat","embeddable":true,"href":"https:\/\/agora.co.at\/index.php\/wp-json\/wp\/v2\/product_cat?post=18674"},{"taxonomy":"product_tag","embeddable":true,"href":"https:\/\/agora.co.at\/index.php\/wp-json\/wp\/v2\/product_tag?post=18674"}],"curies":[{"name":"wp","href":"https:\/\/api.w.org\/{rel}","templated":true}]}}